{"id":36,"date":"2021-11-12T15:37:31","date_gmt":"2021-11-12T15:37:31","guid":{"rendered":"https:\/\/proarhive.ro\/?page_id=36"},"modified":"2021-11-26T12:18:17","modified_gmt":"2021-11-26T12:18:17","slug":"servicii-arhivistice","status":"publish","type":"page","link":"https:\/\/proarhive.ro\/","title":{"rendered":"Servicii arhivistice"},"content":{"rendered":"\n<div class=\"wp-block-image is-style-default\"><figure class=\"aligncenter size-large is-resized\"><img data-recalc-dims=\"1\" loading=\"lazy\" decoding=\"async\" src=\"https:\/\/i0.wp.com\/proarhive.ro\/wp-content\/uploads\/2021\/11\/LOGO1.png?resize=341%2C341&#038;ssl=1\" alt=\"Servicii arhivistice, arhivare electronica si digitalizare\" class=\"wp-image-37\" width=\"341\" height=\"341\" title=\"Servicii arhivistice\" srcset=\"https:\/\/i0.wp.com\/proarhive.ro\/wp-content\/uploads\/2021\/11\/LOGO1.png?resize=1024%2C1024&amp;ssl=1 1024w, https:\/\/i0.wp.com\/proarhive.ro\/wp-content\/uploads\/2021\/11\/LOGO1.png?resize=300%2C300&amp;ssl=1 300w, https:\/\/i0.wp.com\/proarhive.ro\/wp-content\/uploads\/2021\/11\/LOGO1.png?resize=150%2C150&amp;ssl=1 150w, https:\/\/i0.wp.com\/proarhive.ro\/wp-content\/uploads\/2021\/11\/LOGO1.png?resize=768%2C768&amp;ssl=1 768w, https:\/\/i0.wp.com\/proarhive.ro\/wp-content\/uploads\/2021\/11\/LOGO1.png?resize=1536%2C1536&amp;ssl=1 1536w, https:\/\/i0.wp.com\/proarhive.ro\/wp-content\/uploads\/2021\/11\/LOGO1.png?resize=600%2C600&amp;ssl=1 600w, https:\/\/i0.wp.com\/proarhive.ro\/wp-content\/uploads\/2021\/11\/LOGO1.png?resize=1600%2C1600&amp;ssl=1 1600w, https:\/\/i0.wp.com\/proarhive.ro\/wp-content\/uploads\/2021\/11\/LOGO1.png?resize=1200%2C1200&amp;ssl=1 1200w, https:\/\/i0.wp.com\/proarhive.ro\/wp-content\/uploads\/2021\/11\/LOGO1.png?resize=800%2C800&amp;ssl=1 800w, https:\/\/i0.wp.com\/proarhive.ro\/wp-content\/uploads\/2021\/11\/LOGO1.png?w=2000&amp;ssl=1 2000w\" sizes=\"auto, (max-width: 341px) 100vw, 341px\" \/><\/figure><\/div>\n\n\n\n<p class=\"has-text-align-justify\">Societatea comercial\u0103 \u201eAtelierul arhivistic\u201d este o structur\u0103 de economie social\u0103 \u015fi a fost \u00eenfiin\u0163at\u0103 \u00een cadrul unui proiect finan\u0163at de c\u0103tre Fondul Social European, Programul Opera\u0163ional Capital Uman 2014-2020, Axa prioritar\u0103 4: Incluziunea social\u0103 \u0219i combaterea s\u0103r\u0103ciei, Obiectivul Specific (O.S.) 4.16: Consolidarea capacit\u0103\u021bii \u00eentreprinderilor de economie social\u0103 de a func\u021biona \u00eentr-o manier\u0103 auto-sustenabil\u0103, Contract POCU\/449\/4\/16\/128024 nr. 12888\/30.08.2019.<\/p>\n\n\n\n<p class=\"has-text-align-justify\">Suntem al\u0103turi de dumneavoastr\u0103 pun\u00e2ndu-v\u0103 la dispozi\u0163ie nu doar servicii de arhivare a documentelor ci \u015fi servicii conexe cum ar fi conultan\u0163\u0103 \u015fi management \u00een domeniul proiectelor, consultan\u0163\u0103 \u015fi servicii legate de siguran\u0163a \u015fi securitatea \u00een domeniul informational.<\/p>\n\n\n\n<p class=\"has-text-align-justify\">Serviciile oferite de c\u0103tre societate sunt cele de prelucrare arhivistic\u0103 \u015fi de leg\u0103torie, acestea put\u00e2ndu-se desf\u0103\u015fura at\u00e2t la sediul creatorilor c\u00e2t \u015fi la sediul firmei, cu respectarea tuturor condi\u0163iilor privind climatul \u015fi particularit\u0103\u0163ile impuse de legisla\u0163ia na\u0163ional\u0103 \u00een vigoare.<\/p>\n\n\n\n<p class=\"has-text-align-justify\">Strctura de Economie Social\u0103 Atelierul Arhivistic de\u0163ine Autriza\u0163ia de func\u0163ionare nr.55\/10.11.2021 pentru serviciul de prelucrare arhivistic\u0103 precum \u015fi Autoriza\u0163ia de func\u0163ionare nr.56\/10.11.2021 pentru serviciul de leg\u0103torie.<\/p>\n\n\n\n<p><\/p>\n\n\n\n<p><\/p>\n\n\n\n<div class=\"wp-block-image is-style-default\"><figure class=\"aligncenter size-large\"><img data-recalc-dims=\"1\" loading=\"lazy\" decoding=\"async\" width=\"1024\" height=\"638\" src=\"https:\/\/i0.wp.com\/proarhive.ro\/wp-content\/uploads\/2021\/11\/autorizatii.jpg?resize=1024%2C638&#038;ssl=1\" alt=\"Autorizatii functionare, Autorizatie serviciu arhivistic de legatorie, Autorizatie serviciu arhivistic prelucrare arhivistica\" class=\"wp-image-177\" srcset=\"https:\/\/i0.wp.com\/proarhive.ro\/wp-content\/uploads\/2021\/11\/autorizatii.jpg?resize=1024%2C638&amp;ssl=1 1024w, https:\/\/i0.wp.com\/proarhive.ro\/wp-content\/uploads\/2021\/11\/autorizatii.jpg?resize=300%2C187&amp;ssl=1 300w, https:\/\/i0.wp.com\/proarhive.ro\/wp-content\/uploads\/2021\/11\/autorizatii.jpg?resize=768%2C479&amp;ssl=1 768w, https:\/\/i0.wp.com\/proarhive.ro\/wp-content\/uploads\/2021\/11\/autorizatii.jpg?w=1296&amp;ssl=1 1296w\" sizes=\"auto, (max-width: 1024px) 100vw, 1024px\" \/><\/figure><\/div>\n","protected":false},"excerpt":{"rendered":"<p>Societatea comercial\u0103 \u201eAtelierul arhivistic\u201d este o structur\u0103 de economie social\u0103 \u015fi a fost \u00eenfiin\u0163at\u0103 \u00een cadrul unui proiect finan\u0163at de c\u0103tre Fondul Social European, Programul Opera\u0163ional Capital Uman 2014-2020, Axa prioritar\u0103 4: Incluziunea social\u0103 \u0219i combaterea s\u0103r\u0103ciei, Obiectivul Specific (O.S.) 4.16: Consolidarea capacit\u0103\u021bii \u00eentreprinderilor de economie social\u0103 de a func\u021biona \u00eentr-o manier\u0103 auto-sustenabil\u0103, Contract POCU\/449\/4\/16\/128024 &#8230; <a title=\"Servicii arhivistice\" class=\"read-more\" href=\"https:\/\/proarhive.ro\/\" aria-label=\"Cite\u0219te mai multe despre Servicii arhivistice\">Cite\u0219te mai mult<\/a><\/p>\n","protected":false},"author":1,"featured_media":0,"parent":0,"menu_order":1,"comment_status":"closed","ping_status":"closed","template":"","meta":{"footnotes":""},"class_list":["post-36","page","type-page","status-publish"],"jetpack-related-posts":[{"id":7,"url":"https:\/\/proarhive.ro\/index.php\/despre\/","url_meta":{"origin":36,"position":0},"title":"Atelierul Arhivistic","author":"admin","date":"noiembrie 12, 2021","format":false,"excerpt":"Societatea comercial\u0103 \u201eAtelierul arhivistic\u201d este o structur\u0103 de economie social\u0103 \u015fi a fost \u00eenfiin\u0163at\u0103 \u00een cadrul unui proiect finan\u0163at de c\u0103tre Fondul Social European, Programul Opera\u0163ional Capital Uman 2014-2020, Axa prioritar\u0103 4: Incluziunea social\u0103 \u0219i combaterea s\u0103r\u0103ciei, Obiectivul Specific (O.S.) 4.16: Consolidarea capacit\u0103\u021bii \u00eentreprinderilor de economie social\u0103 de a func\u021biona\u2026","rel":"","context":"Articol similar","block_context":{"text":"Articol similar","link":""},"img":{"alt_text":"","src":"https:\/\/i0.wp.com\/proarhive.ro\/wp-content\/uploads\/2021\/11\/autorizatii-1.jpg?resize=350%2C200&ssl=1","width":350,"height":200,"srcset":"https:\/\/i0.wp.com\/proarhive.ro\/wp-content\/uploads\/2021\/11\/autorizatii-1.jpg?resize=350%2C200&ssl=1 1x, https:\/\/i0.wp.com\/proarhive.ro\/wp-content\/uploads\/2021\/11\/autorizatii-1.jpg?resize=525%2C300&ssl=1 1.5x, https:\/\/i0.wp.com\/proarhive.ro\/wp-content\/uploads\/2021\/11\/autorizatii-1.jpg?resize=700%2C400&ssl=1 2x, https:\/\/i0.wp.com\/proarhive.ro\/wp-content\/uploads\/2021\/11\/autorizatii-1.jpg?resize=1050%2C600&ssl=1 3x"},"classes":[]},{"id":8,"url":"https:\/\/proarhive.ro\/index.php\/contact\/","url_meta":{"origin":36,"position":1},"title":"Contact","author":"admin","date":"noiembrie 12, 2021","format":false,"excerpt":"Structura de Economie Social\u0103 Atelierul Arhivistic S.R.L.O.R.C.Teleorman J34\/680\/2020, C.U.I. 43477314IBAN RO87BTRLRONCRT0599975101, Banca Transilvania, Agen\u0163ia Turnu M\u0103gureleTurnu M\u0103gurele, str. Taberei nr.2, \u00een incinta CRFPA Teleorman, parter, Jude\u0163 TeleormanTelefon sediu: 0771.521.202 Arhivare \u015fi digitalizareArhivist B\u00een\u0103 Ionu\u0163 TitelTel.: 0766.747.837","rel":"","context":"Articol similar","block_context":{"text":"Articol similar","link":""},"img":{"alt_text":"","src":"","width":0,"height":0},"classes":[]},{"id":2,"url":"https:\/\/proarhive.ro\/index.php\/sample-page\/","url_meta":{"origin":36,"position":2},"title":"Sample Page","author":"admin","date":"noiembrie 12, 2021","format":false,"excerpt":"This is an example page. It's different from a blog post because it will stay in one place and will show up in your site navigation (in most themes). Most people start with an About page that introduces them to potential site visitors. It might say something like this: Hi\u2026","rel":"","context":"Articol similar","block_context":{"text":"Articol similar","link":""},"img":{"alt_text":"","src":"","width":0,"height":0},"classes":[]}],"jetpack_sharing_enabled":true,"_links":{"self":[{"href":"https:\/\/proarhive.ro\/index.php\/wp-json\/wp\/v2\/pages\/36","targetHints":{"allow":["GET"]}}],"collection":[{"href":"https:\/\/proarhive.ro\/index.php\/wp-json\/wp\/v2\/pages"}],"about":[{"href":"https:\/\/proarhive.ro\/index.php\/wp-json\/wp\/v2\/types\/page"}],"author":[{"embeddable":true,"href":"https:\/\/proarhive.ro\/index.php\/wp-json\/wp\/v2\/users\/1"}],"replies":[{"embeddable":true,"href":"https:\/\/proarhive.ro\/index.php\/wp-json\/wp\/v2\/comments?post=36"}],"version-history":[{"count":8,"href":"https:\/\/proarhive.ro\/index.php\/wp-json\/wp\/v2\/pages\/36\/revisions"}],"predecessor-version":[{"id":178,"href":"https:\/\/proarhive.ro\/index.php\/wp-json\/wp\/v2\/pages\/36\/revisions\/178"}],"wp:attachment":[{"href":"https:\/\/proarhive.ro\/index.php\/wp-json\/wp\/v2\/media?parent=36"}],"curies":[{"name":"wp","href":"https:\/\/api.w.org\/{rel}","templated":true}]}}